{"id":172,"date":"2017-01-05T20:18:09","date_gmt":"2017-01-05T19:18:09","guid":{"rendered":"http:\/\/dorotazmatow.pl\/matowy\/?page_id=172"},"modified":"2025-04-08T16:17:59","modified_gmt":"2025-04-08T14:17:59","slug":"dofinansowania","status":"publish","type":"page","link":"http:\/\/dorotazmatow.pl\/matowy\/dofinansowania\/","title":{"rendered":"Dofinansowania"},"content":{"rendered":"<p align=\"CENTER\">\n<p align=\"CENTER\"><img decoding=\"async\" loading=\"lazy\" class=\"alignnone wp-image-1033 size-full\" src=\"http:\/\/dorotazmatow.pl\/matowy\/wp-content\/uploads\/2025\/04\/Matowy-Wielkie.png\" alt=\"\" width=\"1654\" height=\"2339\" srcset=\"http:\/\/dorotazmatow.pl\/matowy\/wp-content\/uploads\/2025\/04\/Matowy-Wielkie.png 1654w, http:\/\/dorotazmatow.pl\/matowy\/wp-content\/uploads\/2025\/04\/Matowy-Wielkie-212x300.png 212w, http:\/\/dorotazmatow.pl\/matowy\/wp-content\/uploads\/2025\/04\/Matowy-Wielkie-724x1024.png 724w, http:\/\/dorotazmatow.pl\/matowy\/wp-content\/uploads\/2025\/04\/Matowy-Wielkie-768x1086.png 768w, http:\/\/dorotazmatow.pl\/matowy\/wp-content\/uploads\/2025\/04\/Matowy-Wielkie-1086x1536.png 1086w, http:\/\/dorotazmatow.pl\/matowy\/wp-content\/uploads\/2025\/04\/Matowy-Wielkie-1448x2048.png 1448w\" sizes=\"(max-width: 1654px) 100vw, 1654px\" \/><\/p>\n<p align=\"CENTER\">\n<p align=\"CENTER\">\n<p align=\"CENTER\"><img decoding=\"async\" loading=\"lazy\" class=\"alignnone size-full wp-image-525\" src=\"http:\/\/dorotazmatow.pl\/matowy\/wp-content\/uploads\/2017\/01\/Plakat-tablica-z-informacj\u0105-o-dofinansowaniu-1.png\" alt=\"Plakat-tablica-z-informacj\u0105-o-dofinansowaniu\" width=\"2339\" height=\"1654\" srcset=\"http:\/\/dorotazmatow.pl\/matowy\/wp-content\/uploads\/2017\/01\/Plakat-tablica-z-informacj\u0105-o-dofinansowaniu-1.png 2339w, http:\/\/dorotazmatow.pl\/matowy\/wp-content\/uploads\/2017\/01\/Plakat-tablica-z-informacj\u0105-o-dofinansowaniu-1-300x212.png 300w, http:\/\/dorotazmatow.pl\/matowy\/wp-content\/uploads\/2017\/01\/Plakat-tablica-z-informacj\u0105-o-dofinansowaniu-1-768x543.png 768w, http:\/\/dorotazmatow.pl\/matowy\/wp-content\/uploads\/2017\/01\/Plakat-tablica-z-informacj\u0105-o-dofinansowaniu-1-1024x724.png 1024w\" sizes=\"(max-width: 2339px) 100vw, 2339px\" \/><\/p>\n<p align=\"CENTER\"><span style=\"color: #004393;\">\u201e<span style=\"font-family: Roboto-Light, Arial;\"><span style=\"font-size: large;\"><b>Europejski Fundusz Rolny na rzecz Rozwoju Obszar\u00f3w Wiejskich:<\/b><\/span><\/span><\/span><\/p>\n<p align=\"CENTER\"><span style=\"color: #004393;\"><span style=\"font-family: Roboto-Light, Arial;\"><span style=\"font-size: large;\"><b>Europa inwestuj\u0105ca w obszary wiejskie\u201d.<\/b><\/span><\/span><\/span><\/p>\n<p align=\"CENTER\"><span style=\"font-family: Tahoma, sans-serif;\"><span style=\"font-size: large;\">Operacja pn. <\/span><\/span><span style=\"font-family: Tahoma, sans-serif;\"><span style=\"font-size: large;\"><b>\u201eKonserwacja i renowacja barokowego baptysterium i feretronu z ko\u015bcio\u0142a p.w. \u015aw. Piotra i Paw\u0142a w M\u0105towach Wielkich\u201d<\/b><\/span><\/span><span style=\"font-family: Tahoma, sans-serif;\"><span style=\"font-size: large;\"> maj\u0105ca na celu zachowanie dziedzictwa kulturowego poprzez konserwacj\u0119 i renowacj\u0119 barokowego baptysterium i feretronu z ko\u015bcio\u0142a p.w. \u015aw. Piotra i Paw\u0142a <\/span><\/span><\/p>\n<p align=\"CENTER\"><span style=\"font-family: Tahoma, sans-serif;\"><span style=\"font-size: large;\">w M\u0105towach Wielkich<br \/>\nwsp\u00f3\u0142finansowana jest ze \u015brodk\u00f3w Unii Europejskiej w ramach dzia\u0142ania<br \/>\n\u201eWsparcie dla rozwoju lokalnego w ramach inicjatywy LEADER\u201d<br \/>\nPoddzia\u0142anie \u201eWsparcie na wdra\u017canie operacji w ramach strategii rozwoju lokalnego kierowanego przez spo\u0142eczno\u015b\u0107\u201d Programu Rozwoju Obszar\u00f3w Wiejskich na lata 2014-2020.<\/span><\/span><\/p>\n<p align=\"CENTER\"><img decoding=\"async\" loading=\"lazy\" class=\"alignnone size-full wp-image-525\" src=\"http:\/\/dorotazmatow.pl\/matowy\/wp-content\/uploads\/2017\/01\/Plakat-tablica-z-informacj\u0105-o-dofinansowaniu-1.png\" alt=\"Plakat-tablica-z-informacj\u0105-o-dofinansowaniu\" width=\"2339\" height=\"1654\" srcset=\"http:\/\/dorotazmatow.pl\/matowy\/wp-content\/uploads\/2017\/01\/Plakat-tablica-z-informacj\u0105-o-dofinansowaniu-1.png 2339w, http:\/\/dorotazmatow.pl\/matowy\/wp-content\/uploads\/2017\/01\/Plakat-tablica-z-informacj\u0105-o-dofinansowaniu-1-300x212.png 300w, http:\/\/dorotazmatow.pl\/matowy\/wp-content\/uploads\/2017\/01\/Plakat-tablica-z-informacj\u0105-o-dofinansowaniu-1-768x543.png 768w, http:\/\/dorotazmatow.pl\/matowy\/wp-content\/uploads\/2017\/01\/Plakat-tablica-z-informacj\u0105-o-dofinansowaniu-1-1024x724.png 1024w\" sizes=\"(max-width: 2339px) 100vw, 2339px\" \/><\/p>\n<p align=\"CENTER\"><strong><span style=\"color: #000000;\">\u201e<\/span><\/strong><strong><span style=\"color: #000000;\"><span style=\"font-family: 'Times New Roman', serif;\"><span style=\"font-size: xx-large;\"><b>Prace\u00a0<\/b><\/span><\/span><\/span><\/strong><strong><span style=\"color: #333333;\"><span style=\"font-family: 'Times New Roman', serif;\"><span style=\"font-size: xx-large;\"><b>przy zabytku (o\u0142tarz g\u0142\u00f3wny, ambona i strop<\/b><\/span><\/span><\/span><\/strong><strong><span style=\"color: #000000;\"><span style=\"font-family: 'Times New Roman', serif;\"><span style=\"font-size: xx-large;\"><b>) zrealizowano przy wsparciu finansowym Samorz\u0105du Wojew\u00f3dztwa Pomorskiego\u201d<\/b><\/span><\/span><\/span><\/strong><strong><span style=\"color: #333333;\"><span style=\"font-family: 'Times New Roman', serif;\"><span style=\"font-size: xx-large;\"><b>.<\/b><\/span><\/span><\/span><\/strong><\/p>\n","protected":false},"excerpt":{"rendered":"<p>\u201eEuropejski Fundusz Rolny na rzecz Rozwoju Obszar\u00f3w Wiejskich: Europa inwestuj\u0105ca w obszary wiejskie\u201d. Operacja pn. \u201eKonserwacja i renowacja barokowego baptysterium i feretronu z ko\u015bcio\u0142a p.w. \u015aw. Piotra i Paw\u0142a w M\u0105towach Wielkich\u201d maj\u0105ca na celu zachowanie dziedzictwa kulturowego poprzez konserwacj\u0119 i renowacj\u0119 barokowego baptysterium i feretronu z ko\u015bcio\u0142a p.w. \u015aw. Piotra i Paw\u0142a w M\u0105towach &#8230; <span class=\"more\"><a class=\"more-link\" href=\"http:\/\/dorotazmatow.pl\/matowy\/dofinansowania\/\">[Wi\u0119cej&#8230;]<\/a><\/span><\/p>\n","protected":false},"author":2,"featured_media":0,"parent":0,"menu_order":0,"comment_status":"closed","ping_status":"closed","template":"","meta":[],"_links":{"self":[{"href":"http:\/\/dorotazmatow.pl\/matowy\/wp-json\/wp\/v2\/pages\/172"}],"collection":[{"href":"http:\/\/dorotazmatow.pl\/matowy\/wp-json\/wp\/v2\/pages"}],"about":[{"href":"http:\/\/dorotazmatow.pl\/matowy\/wp-json\/wp\/v2\/types\/page"}],"author":[{"embeddable":true,"href":"http:\/\/dorotazmatow.pl\/matowy\/wp-json\/wp\/v2\/users\/2"}],"replies":[{"embeddable":true,"href":"http:\/\/dorotazmatow.pl\/matowy\/wp-json\/wp\/v2\/comments?post=172"}],"version-history":[{"count":12,"href":"http:\/\/dorotazmatow.pl\/matowy\/wp-json\/wp\/v2\/pages\/172\/revisions"}],"predecessor-version":[{"id":1034,"href":"http:\/\/dorotazmatow.pl\/matowy\/wp-json\/wp\/v2\/pages\/172\/revisions\/1034"}],"wp:attachment":[{"href":"http:\/\/dorotazmatow.pl\/matowy\/wp-json\/wp\/v2\/media?parent=172"}],"curies":[{"name":"wp","href":"https:\/\/api.w.org\/{rel}","templated":true}]}}