{"id":14,"date":"2016-08-29T21:06:33","date_gmt":"2016-08-29T19:06:33","guid":{"rendered":"http:\/\/dorotazmatow.pl\/miloradz\/?page_id=14"},"modified":"2026-04-25T21:53:15","modified_gmt":"2026-04-25T19:53:15","slug":"ogloszenia-i-intencje-mszalne","status":"publish","type":"page","link":"http:\/\/dorotazmatow.pl\/miloradz\/index.php\/ogloszenia-i-intencje-mszalne\/","title":{"rendered":"Og\u0142oszenia i intencje mszalne"},"content":{"rendered":"\n<p class=\"has-text-align-center\"><strong>IV Niedziela Wielkanocna<\/strong><strong><br>26 kwietnia&nbsp; 2026<\/strong><\/p>\n\n\n\n<ol type=\"1\">\n<li>Dzi\u015b Niedziela Dobrego Pasterza. Modlimy si\u0119 o powo\u0142ania do kap\u0142a\u0144stwa i pracy apostolskiej w Ko\u015bciele, a zw\u0142aszcza do elbl\u0105skiego seminarium duchownego.<\/li>\n\n\n\n<li>W pi\u0105tek rozpoczyna si\u0119 maj. Z racji pierwszego pi\u0105tku miesi\u0105ca odwiedz\u0119 chorych z Naj\u015bwi\u0119tszym Sakramentem.<\/li>\n\n\n\n<li>Nabo\u017ce\u0144stwa majowe odprawiane b\u0119d\u0105 po codziennych Mszach. W niedziel\u0119 natomiast po Mszy o 12:00.<\/li>\n<\/ol>\n\n\n\n<p><\/p>\n\n\n\n<p>INTENCJE MSZALNE <\/p>\n\n\n\n<p><strong><em>27 &nbsp;kwietnia &nbsp;&nbsp;\u2013 &nbsp;&nbsp;03 maja &nbsp;&nbsp;&nbsp;2026<\/em><\/strong><\/p>\n\n\n\n<figure class=\"wp-block-table\"><table><tbody><tr><td>&nbsp;<\/td><td><strong><em>MI\u0141ORADZ<\/em><\/strong><\/td><\/tr><tr><td><strong><em>Poniedzia\u0142ek<\/em><\/strong> <\/td><td><strong>Bez Mszy \u015aw.<\/strong><\/td><\/tr><tr><td><strong><em>&nbsp;<\/em><\/strong> <strong><em>Wtorek<\/em><\/strong><\/td><td><strong>18:00 \u2013 <\/strong>\u00a0\u015ap. Bogdan Kroll.<\/td><\/tr><tr><td><strong><em>&nbsp;<\/em><\/strong> <strong><em>\u015aroda<\/em><\/strong><\/td><td><strong>Bez Mszy \u015aw.<\/strong><\/td><\/tr><tr><td><strong><em>&nbsp;<\/em><\/strong> <strong><em>Czwartek<\/em><\/strong><\/td><td><strong>18:00 \u2013 <\/strong>\u00a0\u015ap. Wojciech Krenc oraz \u015ap. Maria, Edward, Janusz i zmarli z rodzin \u017bagu\u0144 i Szymoniuk.<\/td><\/tr><tr><td><strong><em>&nbsp;<\/em><\/strong> <strong><em>Pi\u0105tek<\/em><\/strong> <strong><em>&nbsp;<\/em><\/strong><\/td><td><strong>18:00 \u2013 <\/strong>\u015ap. Teresa Plackowska.<\/td><\/tr><tr><td><strong><em>&nbsp;<\/em><\/strong> <strong><em>Sobota<\/em><\/strong> <strong><em>&nbsp;<\/em><\/strong><\/td><td><strong>8:00 \u2013 <\/strong>intencja wolna<\/td><\/tr><tr><td><strong><em>&nbsp;<\/em><\/strong> <strong><em>Niedziela<\/em><\/strong><\/td><td><strong>8:00<\/strong> \u2013 \u015ap. Stanis\u0142awa Fujarowicz z okazji ziemskich imienin. \u00a0<br><strong>12:00<\/strong> \u2013 \u015ap. Wies\u0142aw Ryba w 6 rocznic\u0119 \u015bmierci, oraz za zmar\u0142ych z rodzin Ryba i Szaniawskich. \u00a0<\/td><\/tr><\/tbody><\/table><\/figure>\n","protected":false},"excerpt":{"rendered":"<p>IV Niedziela Wielkanocna26 kwietnia&nbsp; 2026 INTENCJE MSZALNE 27 &nbsp;kwietnia &nbsp;&nbsp;\u2013 &nbsp;&nbsp;03 maja &nbsp;&nbsp;&nbsp;2026 &nbsp; MI\u0141ORADZ Poniedzia\u0142ek Bez Mszy \u015aw. &nbsp; Wtorek 18:00 \u2013 \u00a0\u015ap. Bogdan Kroll. &nbsp; \u015aroda Bez Mszy \u015aw. &nbsp; Czwartek 18:00 \u2013 \u00a0\u015ap. Wojciech Krenc oraz \u015ap. Maria, Edward, Janusz i zmarli z rodzin \u017bagu\u0144 i Szymoniuk. &nbsp; Pi\u0105tek &nbsp; 18:00 \u2013 &#8230; <span class=\"more\"><a class=\"more-link\" href=\"http:\/\/dorotazmatow.pl\/miloradz\/index.php\/ogloszenia-i-intencje-mszalne\/\">[Czytaj wi\u0119cej&#8230;]<\/a><\/span><\/p>\n","protected":false},"author":2,"featured_media":0,"parent":0,"menu_order":0,"comment_status":"closed","ping_status":"closed","template":"page-full-width.php","meta":[],"_links":{"self":[{"href":"http:\/\/dorotazmatow.pl\/miloradz\/index.php\/wp-json\/wp\/v2\/pages\/14"}],"collection":[{"href":"http:\/\/dorotazmatow.pl\/miloradz\/index.php\/wp-json\/wp\/v2\/pages"}],"about":[{"href":"http:\/\/dorotazmatow.pl\/miloradz\/index.php\/wp-json\/wp\/v2\/types\/page"}],"author":[{"embeddable":true,"href":"http:\/\/dorotazmatow.pl\/miloradz\/index.php\/wp-json\/wp\/v2\/users\/2"}],"replies":[{"embeddable":true,"href":"http:\/\/dorotazmatow.pl\/miloradz\/index.php\/wp-json\/wp\/v2\/comments?post=14"}],"version-history":[{"count":469,"href":"http:\/\/dorotazmatow.pl\/miloradz\/index.php\/wp-json\/wp\/v2\/pages\/14\/revisions"}],"predecessor-version":[{"id":1304,"href":"http:\/\/dorotazmatow.pl\/miloradz\/index.php\/wp-json\/wp\/v2\/pages\/14\/revisions\/1304"}],"wp:attachment":[{"href":"http:\/\/dorotazmatow.pl\/miloradz\/index.php\/wp-json\/wp\/v2\/media?parent=14"}],"curies":[{"name":"wp","href":"https:\/\/api.w.org\/{rel}","templated":true}]}}

Ogłoszenia i intencje mszalne

<p class="has-text-align-center"><strong>IV Niedziela Wielkanocna</strong><strong><br>26 kwietnia&nbsp; 2026</strong></p>



<ol type="1">
<li>Dziś Niedziela Dobrego Pasterza. Modlimy się o powołania do kapłaństwa i pracy apostolskiej w Kościele, a zwłaszcza do elbląskiego seminarium duchownego.</li>



<li>W piątek rozpoczyna się maj. Z racji pierwszego piątku miesiąca odwiedzę chorych z Najświętszym Sakramentem.</li>



<li>Nabożeństwa majowe odprawiane będą po codziennych Mszach. W niedzielę natomiast po Mszy o 12:00.</li>
</ol>



<p></p>



<p>INTENCJE MSZALNE </p>



<p><strong><em>27 &nbsp;kwietnia &nbsp;&nbsp;– &nbsp;&nbsp;03 maja &nbsp;&nbsp;&nbsp;2026</em></strong></p>



<figure class="wp-block-table"><table><tbody><tr><td>&nbsp;</td><td><strong><em>MIŁORADZ</em></strong></td></tr><tr><td><strong><em>Poniedziałek</em></strong> </td><td><strong>Bez Mszy Św.</strong></td></tr><tr><td><strong><em>&nbsp;</em></strong> <strong><em>Wtorek</em></strong></td><td><strong>18:00 – </strong> Śp. Bogdan Kroll.</td></tr><tr><td><strong><em>&nbsp;</em></strong> <strong><em>Środa</em></strong></td><td><strong>Bez Mszy Św.</strong></td></tr><tr><td><strong><em>&nbsp;</em></strong> <strong><em>Czwartek</em></strong></td><td><strong>18:00 – </strong> Śp. Wojciech Krenc oraz Śp. Maria, Edward, Janusz i zmarli z rodzin Żaguń i Szymoniuk.</td></tr><tr><td><strong><em>&nbsp;</em></strong> <strong><em>Piątek</em></strong> <strong><em>&nbsp;</em></strong></td><td><strong>18:00 – </strong>Śp. Teresa Plackowska.</td></tr><tr><td><strong><em>&nbsp;</em></strong> <strong><em>Sobota</em></strong> <strong><em>&nbsp;</em></strong></td><td><strong>8:00 – </strong>intencja wolna</td></tr><tr><td><strong><em>&nbsp;</em></strong> <strong><em>Niedziela</em></strong></td><td><strong>8:00</strong> – Śp. Stanisława Fujarowicz z okazji ziemskich imienin.  <br><strong>12:00</strong> – Śp. Wiesław Ryba w 6 rocznicę śmierci, oraz za zmarłych z rodzin Ryba i Szaniawskich.  </td></tr></tbody></table></figure>

<p>IV Niedziela Wielkanocna26 kwietnia&nbsp; 2026 INTENCJE MSZALNE 27 &nbsp;kwietnia &nbsp;&nbsp;– &nbsp;&nbsp;03 maja &nbsp;&nbsp;&nbsp;2026 &nbsp; MIŁORADZ Poniedziałek Bez Mszy Św. &nbsp; Wtorek 18:00 –  Śp. Bogdan Kroll. &nbsp; Środa Bez Mszy Św. &nbsp; Czwartek 18:00 –  Śp. Wojciech Krenc oraz Śp. Maria, Edward, Janusz i zmarli z rodzin Żaguń i Szymoniuk. &nbsp; Piątek &nbsp; 18:00 – &#8230; <span class="more"><a class="more-link" href="http://dorotazmatow.pl/miloradz/index.php/ogloszenia-i-intencje-mszalne/">[Czytaj więcej&#8230;]</a></span></p>
