{"id":248,"date":"2017-05-27T12:20:07","date_gmt":"2017-05-27T10:20:07","guid":{"rendered":"http:\/\/dorotazmatow.pl\/miloradz\/?page_id=248"},"modified":"2017-05-27T12:22:07","modified_gmt":"2017-05-27T10:22:07","slug":"main","status":"publish","type":"page","link":"http:\/\/dorotazmatow.pl\/miloradz\/","title":{"rendered":""},"content":{"rendered":"<p style=\"text-align: center;\"><img decoding=\"async\" loading=\"lazy\" class=\"alignnone size-medium wp-image-29 alignright\" src=\"http:\/\/dorotazmatow.pl\/miloradz\/wp-content\/uploads\/2016\/08\/LR6_DSC0219-Resizer-1920Q100-199x300.jpg\" alt=\"\" width=\"199\" height=\"300\" srcset=\"http:\/\/dorotazmatow.pl\/miloradz\/wp-content\/uploads\/2016\/08\/LR6_DSC0219-Resizer-1920Q100-199x300.jpg 199w, http:\/\/dorotazmatow.pl\/miloradz\/wp-content\/uploads\/2016\/08\/LR6_DSC0219-Resizer-1920Q100-768x1157.jpg 768w, http:\/\/dorotazmatow.pl\/miloradz\/wp-content\/uploads\/2016\/08\/LR6_DSC0219-Resizer-1920Q100-680x1024.jpg 680w, http:\/\/dorotazmatow.pl\/miloradz\/wp-content\/uploads\/2016\/08\/LR6_DSC0219-Resizer-1920Q100.jpg 1275w\" sizes=\"(max-width: 199px) 100vw, 199px\" \/><\/p>\n<h1 style=\"text-align: center;\"><em>\u015awi\u0119ty Michale Archaniele, wspomagaj nas w walce, a przeciw niegodziwo\u015bci i zasadzkom z\u0142ego ducha b\u0105d\u017a nasz\u0105 obron\u0105.<\/em><br \/>\n<em>Oby go B\u00f3g pogromi\u0107 raczy\u0142, pokornie o to prosimy, a Ty, Wodzu niebieskich zast\u0119p\u00f3w, szatana i inne duchy z\u0142e, kt\u00f3re na zgub\u0119 dusz ludzkich po tym \u015bwiecie kr\u0105\u017c\u0105, moc\u0105 Bo\u017c\u0105 str\u0105\u0107 do piek\u0142a. Amen.<\/em><\/h1>\n<p>Parafia p.w. \u015bw. Micha\u0142a Archanio\u0142a zosta\u0142a erygowana w 1321 roku, zachowa\u0142a katolick\u0105 ci\u0105g\u0142o\u015b\u0107 pomimo reformacji oraz przesiedle\u0144 ludno\u015bci po II wojnie \u015bwiatowej. \u015aredniowieczna pisownia Miloradesdorf potwierdza s\u0142owia\u0144skie pochodzenie nazwy tej miejscowo\u015bci i jej przed krzy\u017cackie korzenie na rubie\u017cach Ksi\u0119stwa Pomorskiego. W XIV wieku tutaj wzniesiono gotycki ko\u015bci\u00f3\u0142. Na skutek kataklizmu w 1818 roku run\u0119\u0142a wie\u017ca \u015bwi\u0105tyni, kt\u00f3rej \u015blady do dzi\u015b pozostaj\u0105 na elewacji zachodniej. Korony mur\u00f3w nawy i rozbudowany szczyt wschodni dokumentuj\u0105 XIX wieczne rekonstrukcje zniszczonych mur\u00f3w partii. W 1820 roku wykonany zosta\u0142 drewniany beczkowy strop nad naw\u0105, jego polichromia przemalowana w XX w. jest unikatowym przyk\u0142adem klasycystycznej malatury.<\/p>\n<p>Ko\u015bci\u00f3\u0142 ten jest bardzo dobrym przyk\u0142adem koegzystencji gotyku i baroku. \u015aredniowieczna architektura dope\u0142niona jest p\u00f3\u017anobarokowym wyposa\u017ceniem o dekoracji akantowej i rokokowej. O\u0142tarz g\u0142\u00f3wny prezentuje patrona \u015bwi\u0105tyni Micha\u0142a Archanio\u0142a oraz figury \u015bw. Piotra i \u015bw.Kazimierza.<\/p>\n<p>W g\u00f3rnej kondygnacji przedstawiono chrzest Chrystusa. W o\u0142tarzu bocznym w nawie p\u00f3\u0142nocnej namalowany jest Chrystus Ukrzy\u017cowany, a powy\u017cej M\u0119cze\u0144stwo \u015bw.Sebastiana, natomiast w zwie\u0144czeniu \u015bw.Maria Magdalena. O\u0142tarz w nawie po\u0142udniowej prezentuje Madonn\u0119 z Dzieci\u0105tkiem wr\u0119czaj\u0105c\u0105 r\u00f3\u017caniec \u015bw. Dominikowi, powy\u017cej znajduje si\u0119 obraz Ecce Homo.\u00a0Przepi\u0119kna ambona w stylu rokokowym , wyr\u00f3\u017cnia si\u0119 bogactwem zwie\u0144czenia baldachimu z figur\u0105 anio\u0142a trzymaj\u0105cego tablice Dekalogu. Rokokowy feretron z 2 po\u0142. XVIII wieku przedstawia dogmat o Niepokalanym Pocz\u0119ciu Maryi; Kr\u00f3luj\u0105ca Maryja i Dzieci\u0105tko Jezus b\u0142ogos\u0142awi \u015awiatu, a wieniec z gwiazd dwunastu nad g\u0142ow\u0105 Madonny przepowiada czasy ostateczne\u2026 . Odniesienie do niebia\u0144skiej przysz\u0142o\u015bci znajdziemy w prezentacji organ\u00f3w. Barokowy prospekt z 2 po\u0142. XVIII w. dope\u0142nia parapet ch\u00f3ru muzycznego z przedstawieniami : muzykuj\u0105cego kr\u00f3la Dawida i \u015bw.Cecyli. Zabytkami zachowuj\u0105cymi p\u00f3\u017anobarokow\u0105 stylistyk\u0119 s\u0105 tak\u017ce \u0142awki oraz konfesjona\u0142y.\u00a0Przy ko\u015bciele znajduj\u0105 si\u0119 stare dzwony, kt\u00f3re zosta\u0142y zawieszone na wolnostoj\u0105cej dzwonnicy wzniesionej w 1863 roku, przebudowanej w roku 1885. Obok dzwonnicy stoi p\u0119kni\u0119ty dzwon datowany ok. 1400 roku, kt\u00f3rego brzmienie odznacza\u0142o si\u0119 najpi\u0119kniejszym g\u0142osem we wsi Mi\u0142oradz &#8211; najstarszej na tych terenach &#8211; a\u00a0 jego d\u017awi\u0119k roztacza\u0142 si\u0119 na ca\u0142e \u017bu\u0142awy !<\/p>\n","protected":false},"excerpt":{"rendered":"<p>\u015awi\u0119ty Michale Archaniele, wspomagaj nas w walce, a przeciw niegodziwo\u015bci i zasadzkom z\u0142ego ducha b\u0105d\u017a nasz\u0105 obron\u0105. Oby go B\u00f3g pogromi\u0107 raczy\u0142, pokornie o to prosimy, a Ty, Wodzu niebieskich zast\u0119p\u00f3w, szatana i inne duchy z\u0142e, kt\u00f3re na zgub\u0119 dusz ludzkich po tym \u015bwiecie kr\u0105\u017c\u0105, moc\u0105 Bo\u017c\u0105 str\u0105\u0107 do piek\u0142a. Amen. Parafia p.w. \u015bw. Micha\u0142a &#8230; <span class=\"more\"><a class=\"more-link\" href=\"http:\/\/dorotazmatow.pl\/miloradz\/\">[Czytaj wi\u0119cej&#8230;]<\/a><\/span><\/p>\n","protected":false},"author":1,"featured_media":0,"parent":0,"menu_order":0,"comment_status":"closed","ping_status":"closed","template":"page-full-width.php","meta":[],"_links":{"self":[{"href":"http:\/\/dorotazmatow.pl\/miloradz\/index.php\/wp-json\/wp\/v2\/pages\/248"}],"collection":[{"href":"http:\/\/dorotazmatow.pl\/miloradz\/index.php\/wp-json\/wp\/v2\/pages"}],"about":[{"href":"http:\/\/dorotazmatow.pl\/miloradz\/index.php\/wp-json\/wp\/v2\/types\/page"}],"author":[{"embeddable":true,"href":"http:\/\/dorotazmatow.pl\/miloradz\/index.php\/wp-json\/wp\/v2\/users\/1"}],"replies":[{"embeddable":true,"href":"http:\/\/dorotazmatow.pl\/miloradz\/index.php\/wp-json\/wp\/v2\/comments?post=248"}],"version-history":[{"count":2,"href":"http:\/\/dorotazmatow.pl\/miloradz\/index.php\/wp-json\/wp\/v2\/pages\/248\/revisions"}],"predecessor-version":[{"id":250,"href":"http:\/\/dorotazmatow.pl\/miloradz\/index.php\/wp-json\/wp\/v2\/pages\/248\/revisions\/250"}],"wp:attachment":[{"href":"http:\/\/dorotazmatow.pl\/miloradz\/index.php\/wp-json\/wp\/v2\/media?parent=248"}],"curies":[{"name":"wp","href":"https:\/\/api.w.org\/{rel}","templated":true}]}}

<p style="text-align: center;"><img decoding="async" loading="lazy" class="alignnone size-medium wp-image-29 alignright" src="http://dorotazmatow.pl/miloradz/wp-content/uploads/2016/08/LR6_DSC0219-Resizer-1920Q100-199x300.jpg" alt="" width="199" height="300" srcset="http://dorotazmatow.pl/miloradz/wp-content/uploads/2016/08/LR6_DSC0219-Resizer-1920Q100-199x300.jpg 199w, http://dorotazmatow.pl/miloradz/wp-content/uploads/2016/08/LR6_DSC0219-Resizer-1920Q100-768x1157.jpg 768w, http://dorotazmatow.pl/miloradz/wp-content/uploads/2016/08/LR6_DSC0219-Resizer-1920Q100-680x1024.jpg 680w, http://dorotazmatow.pl/miloradz/wp-content/uploads/2016/08/LR6_DSC0219-Resizer-1920Q100.jpg 1275w" sizes="(max-width: 199px) 100vw, 199px" /></p>
<h1 style="text-align: center;"><em>Święty Michale Archaniele, wspomagaj nas w walce, a przeciw niegodziwości i zasadzkom złego ducha bądź naszą obroną.</em><br />
<em>Oby go Bóg pogromić raczył, pokornie o to prosimy, a Ty, Wodzu niebieskich zastępów, szatana i inne duchy złe, które na zgubę dusz ludzkich po tym świecie krążą, mocą Bożą strąć do piekła. Amen.</em></h1>
<p>Parafia p.w. św. Michała Archanioła została erygowana w 1321 roku, zachowała katolicką ciągłość pomimo reformacji oraz przesiedleń ludności po II wojnie światowej. Średniowieczna pisownia Miloradesdorf potwierdza słowiańskie pochodzenie nazwy tej miejscowości i jej przed krzyżackie korzenie na rubieżach Księstwa Pomorskiego. W XIV wieku tutaj wzniesiono gotycki kościół. Na skutek kataklizmu w 1818 roku runęła wieża świątyni, której ślady do dziś pozostają na elewacji zachodniej. Korony murów nawy i rozbudowany szczyt wschodni dokumentują XIX wieczne rekonstrukcje zniszczonych murów partii. W 1820 roku wykonany został drewniany beczkowy strop nad nawą, jego polichromia przemalowana w XX w. jest unikatowym przykładem klasycystycznej malatury.</p>
<p>Kościół ten jest bardzo dobrym przykładem koegzystencji gotyku i baroku. Średniowieczna architektura dopełniona jest późnobarokowym wyposażeniem o dekoracji akantowej i rokokowej. Ołtarz główny prezentuje patrona świątyni Michała Archanioła oraz figury św. Piotra i św.Kazimierza.</p>
<p>W górnej kondygnacji przedstawiono chrzest Chrystusa. W ołtarzu bocznym w nawie północnej namalowany jest Chrystus Ukrzyżowany, a powyżej Męczeństwo św.Sebastiana, natomiast w zwieńczeniu św.Maria Magdalena. Ołtarz w nawie południowej prezentuje Madonnę z Dzieciątkiem wręczającą różaniec św. Dominikowi, powyżej znajduje się obraz Ecce Homo. Przepiękna ambona w stylu rokokowym , wyróżnia się bogactwem zwieńczenia baldachimu z figurą anioła trzymającego tablice Dekalogu. Rokokowy feretron z 2 poł. XVIII wieku przedstawia dogmat o Niepokalanym Poczęciu Maryi; Królująca Maryja i Dzieciątko Jezus błogosławi Światu, a wieniec z gwiazd dwunastu nad głową Madonny przepowiada czasy ostateczne… . Odniesienie do niebiańskiej przyszłości znajdziemy w prezentacji organów. Barokowy prospekt z 2 poł. XVIII w. dopełnia parapet chóru muzycznego z przedstawieniami : muzykującego króla Dawida i św.Cecyli. Zabytkami zachowującymi późnobarokową stylistykę są także ławki oraz konfesjonały. Przy kościele znajdują się stare dzwony, które zostały zawieszone na wolnostojącej dzwonnicy wzniesionej w 1863 roku, przebudowanej w roku 1885. Obok dzwonnicy stoi pęknięty dzwon datowany ok. 1400 roku, którego brzmienie odznaczało się najpiękniejszym głosem we wsi Miłoradz &#8211; najstarszej na tych terenach &#8211; a  jego dźwięk roztaczał się na całe Żuławy !</p>

<p>Święty Michale Archaniele, wspomagaj nas w walce, a przeciw niegodziwości i zasadzkom złego ducha bądź naszą obroną. Oby go Bóg pogromić raczył, pokornie o to prosimy, a Ty, Wodzu niebieskich zastępów, szatana i inne duchy złe, które na zgubę dusz ludzkich po tym świecie krążą, mocą Bożą strąć do piekła. Amen. Parafia p.w. św. Michała &#8230; <span class="more"><a class="more-link" href="http://dorotazmatow.pl/miloradz/">[Czytaj więcej&#8230;]</a></span></p>
